test common factor of 675 and 3780.
135
Calculate the greatest common factor of 25 and 10.
5
Calculate the highest common factor of 209 and 11.
11
Calculate the greatest common factor of 161 and 1886.
23
Calculate the highest common divisor of 16 and 1784.
8
What is the greatest common factor of 3021 and 424?
53
Calculate the greatest common divisor of 18 and 39330.
18
Calculate the greatest common factor of 10 and 135.
5
What is the greatest common factor of 18 and 558?
18
What is the greatest common factor of 64 and 784?
16
Calculate the greatest common divisor of 24 and 687.
3
What is the highest common divisor of 14 and 20160?
14
What is the highest common divisor of 2891 and 59?
59
What is the highest common divisor of 177 and 413?
59
What is the greatest common divisor of 338 and 143?
13
What is the highest common divisor of 7680 and 30?
30
What is the highest common factor of 1071 and 595?
119
Calculate the highest common divisor of 156 and 1524.
12
What is the greatest common divisor of 24 and 40?
8
Calculate the greatest common divisor of 75 and 8985.
15
Calculate the greatest common factor of 166 and 3.
1
Calculate the highest common divisor of 260 and 40.
20
Calculate the greatest common divisor of 11 and 154.
11
What is the greatest common factor of 21 and 12?
3
Calculate the greatest common divisor of 368 and 5336.
184
Calculate the greatest common divisor of 7125 and 57.
57
Calculate the greatest common factor of 18 and 564.
6
What is the highest common factor of 84 and 532?
28
What is the highest common divisor of 352 and 528?
176
Calculate the highest common factor of 5 and 13190.
5
What is the highest common divisor of 84 and 1596?
84
What is the greatest common factor of 7409 and 1195?
239
What is the greatest common factor of 10800 and 72?
72
Calculate the highest common divisor of 160 and 10.
10
What is the highest common factor of 12 and 111?
3
Calculate the greatest common divisor of 2907 and 114.
57
What is the highest common divisor of 297 and 108?
27
Calculate the highest common factor of 86 and 2.
2
Calculate the highest common divisor of 848 and 1024.
16
Calculate the greatest common factor of 102 and 282.
6
Calculate the highest common factor of 29 and 319.
29
Calculate the greatest common factor of 344 and 16.
8
Calculate the highest common divisor of 366 and 16287.
183
Calculate the highest common divisor of 27 and 81.
27
Calculate the greatest common divisor of 350 and 938.
14
Calculate the highest common divisor of 204 and 51.
51
What is the highest common factor of 13 and 104?
13
Calculate the greatest common divisor of 800 and 176.
16
What is the highest common factor of 475 and 76?
19
What is the highest common factor of 352 and 572?
44
What is the greatest common factor of 9 and 261?
9
What is the highest common factor of 40 and 472?
8
What is the greatest common factor of 1034 and 94?
94
What is the highest common factor of 2312 and 408?
136
Calculate the greatest common factor of 160 and 8.
8
What is the greatest common factor of 300 and 348?
12
What is the highest common factor of 1178 and 114?
38
Calculate the highest common divisor of 8490 and 30.
30
What is the greatest common factor of 5130 and 35?
5
Calculate the greatest common divisor of 10545 and 37.
37
Calculate the highest common divisor of 54 and 66.
6
Calculate the highest common factor of 513 and 27.
27
What is the greatest common divisor of 768 and 288?
96
What is the highest common factor of 400 and 160?
80
What is the highest common factor of 9 and 45?
9
Calculate the highest common divisor of 288 and 252.
36
Calculate the greatest common divisor of 21 and 903.
21
What is the greatest common factor of 104 and 5512?
104
Calculate the highest common factor of 7 and 77.
7
What is the highest common divisor of 22 and 3454?
22
What is the greatest common factor of 1320 and 20?
20
Calculate the highest common divisor of 95 and 171.
19
What is the greatest common factor of 9288 and 1512?
216
What is the greatest common divisor of 891 and 567?
81
Calculate the highest common divisor of 7550 and 100.
50
Calculate the greatest common divisor of 600 and 5880.
120
Calculate the greatest common factor of 483 and 33971.
161
What is the greatest common factor of 162 and 16848?
162
Calculate the greatest common factor of 292 and 4.
4
What is the greatest common factor of 605 and 363?
121
What is the greatest common divisor of 3 and 147?
3
What is the greatest common factor of 1970 and 10?
10
What is the greatest common factor of 3874 and 104?
26
What is the greatest common divisor of 426 and 48?
6
Calculate the highest common divisor of 301 and 91.
7
Calculate the highest common factor of 9324 and 84.
84
What is the greatest common factor of 1146 and 6?
6
Calculate the greatest common factor of 8 and 128.
8
What is the highest common divisor of 16 and 72?
8
Calculate the highest common factor of 5 and 15.
5
What is the greatest common factor of 72 and 414?
18
What is the greatest common divisor of 142 and 2698?
142
Calculate the greatest common divisor of 35 and 15.
5
What is the highest common factor of 24 and 3724?
4
Calculate the highest common divisor of 37 and 333.
37
What is the greatest common factor of 16 and 4?
4
What is the greatest common factor of 200 and 1280?
40
What is the greatest common factor of 2422 and 28?
14
Calculate the greatest common divisor of 45187 and 146.
73
What is the greatest common factor of 1035 and 138?
69
What is the highest common divisor of 182 and 2171?
13
What is the greatest common divisor of 416 and 384?
32
Calculate the greatest common divisor of 69 and 57.
3
Calculate the highest common divisor of 1420 and 76.
4
Calculate the highest common divisor of 292 and 4.
4
What is the greatest common factor of 493 and 58?
29
Calculate the greatest common factor of 1561 and 7.
7
What is the greatest common divisor of 3388 and 16?
4
Calculate the highest common factor of 1537 and 116.
29
What is the highest common factor of 1000 and 125?
125
What is the highest common factor of 64 and 12512?
32
What is the highest common divisor of 60 and 380?
20
Calculate the greatest common factor of 3000 and 140.
20
What is the greatest common factor of 19 and 152?
19
Calculate the greatest common factor of 99 and 176.
11
Calculate the greatest common divisor of 7 and 10367.
7
What is the highest common divisor of 87 and 203?
29
What is the greatest common factor of 45 and 18?
9
What is the highest common factor of 28 and 644?
28
What is the highest common factor of 48 and 3?
3
Calculate the greatest common divisor of 104 and 767.
13
What is the greatest common divisor of 220 and 990?
110
What is the highest common divisor of 55 and 835?
5
Calculate the greatest common factor of 99 and 264.
33
What is the highest common factor of 310 and 560?
10
Calculate the highest common factor of 202 and 2.
2
What is the highest common factor of 11 and 2992?
11
Calculate the greatest common divisor of 44 and 396.
44
Calculate the highest common factor of 135 and 20.
5
What is the highest common divisor of 44 and 1012?
44
Calculate the highest common factor of 18228 and 196.
196
What is the greatest common divisor of 134064 and 56?
56
What is the greatest common divisor of 144 and 192?
48
What is the greatest common factor of 20 and 22?
2
What is the highest common factor of 9117 and 9?
9
What is the highest common divisor of 335 and 67?
67
Calculate the greatest common factor of 1884 and 20.
4
What is the highest common divisor of 8788 and 52?
52
Calculate the greatest common factor of 8 and 29.
1
Calculate the highest common divisor of 1 and 169.
1
What is the greatest common divisor of 48 and 3088?
16
What is the highest common factor of 231 and 66?
33
Calculate the greatest common factor of 187 and 1972.
17
What is the greatest common divisor of 4 and 47248?
4
Calculate the highest common divisor of 11845 and 3605.
515
Calculate the greatest common divisor of 230 and 10.
10
Calculate the greatest common factor of 28 and 322.
14
Calculate the highest common divisor of 135 and 189.
27
Calculate the highest common factor of 5935 and 5.
5
Calculate the greatest common factor of 4085 and 855.
95
What is the greatest common factor of 30 and 15360?